{"id":141,"date":"2022-05-12T17:46:49","date_gmt":"2022-05-12T15:46:49","guid":{"rendered":"https:\/\/hortacalmarxant.cat\/blog\/?page_id=141"},"modified":"2022-05-19T12:25:14","modified_gmt":"2022-05-19T10:25:14","slug":"parc-infantil","status":"publish","type":"page","link":"https:\/\/hortacalmarxant.cat\/blog\/?page_id=141","title":{"rendered":"Zona d&#8217;esbarjo"},"content":{"rendered":"<p>A la finca de l&#8217;Hort de Cal Marxant disposem d&#8217;una zona d&#8217;esbarjo infantil per a nens i nenes, aix\u00ed quan veniu a comprar els productes o la cistella podeu portar els nens perqu\u00e8 juguin i s&#8217;ho passin molt b\u00e9.<\/p>\n<p><img decoding=\"async\" loading=\"lazy\" class=\"size-medium wp-image-146 aligncenter\" src=\"https:\/\/hortacalmarxant.cat\/blog\/wp-content\/uploads\/2022\/05\/parc_infantil-300x225.jpg\" alt=\"Parc infantil de Cal Marxant\" width=\"300\" height=\"225\" srcset=\"https:\/\/hortacalmarxant.cat\/blog\/wp-content\/uploads\/2022\/05\/parc_infantil-300x225.jpg 300w, https:\/\/hortacalmarxant.cat\/blog\/wp-content\/uploads\/2022\/05\/parc_infantil-1024x768.jpg 1024w, https:\/\/hortacalmarxant.cat\/blog\/wp-content\/uploads\/2022\/05\/parc_infantil-768x576.jpg 768w, https:\/\/hortacalmarxant.cat\/blog\/wp-content\/uploads\/2022\/05\/parc_infantil-1536x1152.jpg 1536w, https:\/\/hortacalmarxant.cat\/blog\/wp-content\/uploads\/2022\/05\/parc_infantil.jpg 1600w\" sizes=\"(max-width: 300px) 100vw, 300px\" \/><\/p>\n<p>Tamb\u00e9 disposem de la granja d&#8217;animals, on els nens podran veure i tocar els animals que tenim a la granja com ara: gallines, cavalls&#8230;.<\/p>\n<p><img decoding=\"async\" loading=\"lazy\" class=\"size-medium wp-image-147 aligncenter\" src=\"https:\/\/hortacalmarxant.cat\/blog\/wp-content\/uploads\/2022\/05\/cavalls-300x225.jpg\" alt=\"Cavalls horta cal marxant\" width=\"300\" height=\"225\" srcset=\"https:\/\/hortacalmarxant.cat\/blog\/wp-content\/uploads\/2022\/05\/cavalls-300x225.jpg 300w, https:\/\/hortacalmarxant.cat\/blog\/wp-content\/uploads\/2022\/05\/cavalls-768x576.jpg 768w, https:\/\/hortacalmarxant.cat\/blog\/wp-content\/uploads\/2022\/05\/cavalls.jpg 960w\" sizes=\"(max-width: 300px) 100vw, 300px\" \/><\/p>\n<p>&nbsp;<\/p>\n","protected":false},"excerpt":{"rendered":"<p>A la finca de l&#8217;Hort de Cal Marxant disposem d&#8217;una zona d&#8217;esbarjo infantil per a nens i nenes, aix\u00ed quan veniu a comprar els productes o la cistella podeu portar els nens perqu\u00e8 juguin i s&#8217;ho passin molt b\u00e9. Tamb\u00e9 disposem de la granja d&#8217;animals, on els nens podran veure i tocar els animals que &hellip; <\/p>\n<p class=\"link-more\"><a href=\"https:\/\/hortacalmarxant.cat\/blog\/?page_id=141\" class=\"more-link\">Continua llegint <span class=\"screen-reader-text\">\u00abZona d&#8217;esbarjo\u00bb<\/span><\/a><\/p>\n","protected":false},"author":3,"featured_media":0,"parent":0,"menu_order":0,"comment_status":"closed","ping_status":"closed","template":"","meta":[],"_links":{"self":[{"href":"https:\/\/hortacalmarxant.cat\/blog\/index.php?rest_route=\/wp\/v2\/pages\/141"}],"collection":[{"href":"https:\/\/hortacalmarxant.cat\/blog\/index.php?rest_route=\/wp\/v2\/pages"}],"about":[{"href":"https:\/\/hortacalmarxant.cat\/blog\/index.php?rest_route=\/wp\/v2\/types\/page"}],"author":[{"embeddable":true,"href":"https:\/\/hortacalmarxant.cat\/blog\/index.php?rest_route=\/wp\/v2\/users\/3"}],"replies":[{"embeddable":true,"href":"https:\/\/hortacalmarxant.cat\/blog\/index.php?rest_route=%2Fwp%2Fv2%2Fcomments&post=141"}],"version-history":[{"count":5,"href":"https:\/\/hortacalmarxant.cat\/blog\/index.php?rest_route=\/wp\/v2\/pages\/141\/revisions"}],"predecessor-version":[{"id":239,"href":"https:\/\/hortacalmarxant.cat\/blog\/index.php?rest_route=\/wp\/v2\/pages\/141\/revisions\/239"}],"wp:attachment":[{"href":"https:\/\/hortacalmarxant.cat\/blog\/index.php?rest_route=%2Fwp%2Fv2%2Fmedia&parent=141"}],"curies":[{"name":"wp","href":"https:\/\/api.w.org\/{rel}","templated":true}]}}